3)/7)?
89
Let k = -425 + 430. Let n(j) be the third derivative of j**4/24 - 7*j**3/6 + 2*j**2. Calculate the remainder when k is divided by n(9).
1
Suppose 5*b - 188 = -43. Suppose -x = -7*t + 3*t + b, -t + 3*x = 1. What is the remainder when 159 is divided by t?
7
Calculate the remainder when (199 - -1)*6/5 is divided by ((-18)/(-42))/((-60)/(-3080)).
20
Suppose -3*l - 20*m + 5877 = -21*m, 0 = -m - 3. What is the remainder when l is divided by 109?
105
Let a(y) = -116*y + 3853. Calculate the remainder when 660/50*10/3 is divided by a(33).
19
Let l(w) = 5*w**2 + 11*w - 31. Let m be l(-10). Let a = m + -348. Calculate the remainder when 86 is divided by a.
9
Suppose -2*c + 56 = 2*c. Let y = 33671 + -33669. Calculate the remainder when c is divided by y.
0
Suppose -2 = 2*i - 5*f - 9, 0 = 5*i + 2*f - 61. Suppose 76 = 4*n + r - 79, -3*n + 3*r = -135. Calculate the remainder when n is divided by i.
7
Suppose -2*m - 5*b = -128, -8*m - 2*b = -11*m + 173. What is the remainder when 1885 is divided by m?
56
Let v(h) = 103*h + 1440. Calculate the remainder when 1239 is divided by v(-11).
11
Let x be (4 + 2)*3/9. Suppose x*t - n = 28, 4*t - 7*n + 6*n - 56 = 0. Calculate the remainder when 180 is divided by t.
12
Let i = 13905 + -13677. What is the remainder when 1535 is divided by i?
167
Suppose 43*q = 204*q - 1472 - 8188. What is the remainder when 927 is divided by q?
27
Let f be 4047/6 - (-18)/12. Let b = f - 674. What is the remainder when 2 is divided by b?
0
Let z(t) = 3*t**2 + 5*t + 6. Let a be -7*1 + 525/75. Suppose 2*n = -a*o + o - 56, -5*o + 2*n = -320. Calculate the remainder when o is divided by z(-4).
32
Suppose -2*q - 3*q = -2*k + 30, 2*k + q - 18 = 0. Let j = k - -25. Let t = 247 + -110. Calculate the remainder when t is divided by j.
32
Let d = 245 - 111. Suppose -4 - d = -p + 3*k, -446 = -3*p + k. Calculate the remainder when p is divided by 22.
18
Suppose -p = -4*p - 543. Let t = -46 - p. Let z = t + -85. What is the remainder when z is divided by 13?
11
Suppose 5*c + d + 75 = 6*d, -55 = 5*c - d. Let q(k) = -2*k**2 - 21*k + 27. What is the remainder when q(c) is divided by 11?
4
Suppose 0 = -4*s + 3*g + 96, 2*s + 2*s + 4*g - 68 = 0. What is the remainder when 1656 is divided by s?
18
Let h be 1*(12/2 + -6). Suppose -27*k + 188 + 487 = h. What is the remainder when 98 is divided by k?
23
Let d(m) = -2*m**2 + 21*m - 23. Calculate the remainder when 179 is divided by d(6).
24
Suppose -4*h + 4*r = -24, -2*h - 5*r - 18 = -86. Let f = 6 + -3. What is the remainder when h is divided by (1 + f)*5/4?
4
Let v(n) = 2*n**3 - 2*n**2 + n + 11. Let q be v(-4). Let i = -126 - q. Calculate the remainder when 97 is divided by i.
16
Let h(l) = -15*l**3 - l**2 + 1. Let n(b) = -2*b + 300. Let q be n(17). Suppose 7220*c - q = 7213*c. Calculate the remainder when c is divided by h(-1).
8
What is the remainder when (84/14)/((-60)/91965)*4/(-6) is divided by 84?
83
Let v(a) = 3*a**2 + 53*a + 66. Calculate the remainder when v(-21) is divided by 79.
39
Suppose 164*v + 213 = 167*v. Suppose s + 2*s = 5*r + 55, -2*r + v = 5*s. What is the remainder when 115 is divided by s?
10
Let d(k) = -10*k + 148. Let u be d(14). Suppose 14*t = -u*t + 682. What is the remainder when 153 is divided by t?
29
Suppose 0*v + 17 = v. Suppose 4*g + 5*y = 14, -4 = -4*g + 5*y - 10. What is the remainder when (1 - (-101)/g) + (-18 - -15) is divided by v?
14
Let x(d) be the first derivative of 11/2*d**2 + 24*d + 1/3*d**3 + 10. Calculate the remainder when x(-9) is divided by 2.
0
Let h = -2661 - -3917. What is the remainder when h/52 - (-22)/(-143) is divided by (0 + -2)/((-1)/8)?
8
Let y(i) = i**2 - 2*i + 41. What is the remainder when 65 is divided by y(0)?
24
Let p(i) = -241*i - 176. Calculate the remainder when p(-2) is divided by 77.
75
Suppose 14*f + 10 = 16*f. Calculate the remainder when (-8 + 6)/((2/87)/(-1)) is divided by f.
2
Suppose 8*y - 6 = 2. Let a(l) = 11*l + 2. Let f be a(y). Calculate the remainder when 34 is divided by 0/(-5) + (f - 4).
7
Suppose 4*j - 174 - 62 = 2*v, -4*v + j = 486. Let c = -65 - v. Let p(w) = -115*w + 935. What is the remainder when c is divided by p(8)?
12
Let s(g) = -10*g + 428. Calculate the remainder when 391 is divided by s(41).
13
Suppose -5*n + 26 = -4*n - 5*a, 0 = -4*n + 3*a + 87. Calculate the remainder when 62 is divided by n.
20
Suppose 16*y + 848 = 20*y. Suppose 3*v + 182 = y. Let a = 53 + -35. Calculate the remainder when a is divided by v.
8
Let w = 420 + -120. Suppose 4*b + w = 24*b. What is the remainder when 42 is divided by b?
12
Suppose -17*t + 13*t + 203 = n, -4*t - 2*n = -206. What is the remainder when 299 is divided by t?
49
Suppose -4*k + 5*s = -5*k - 339, 2*k + 2*s + 718 = 0. Calculate the remainder when 71 is divided by ((-520)/k)/((-2)/(-84)).
11
Let s = 10685 - 10612. Calculate the remainder when 1094 is divided by s.
72
Suppose -p = 4*y - 508, -6*y = 5*p - 8*y - 2562. What is the remainder when p is divided by 168?
8
Suppose 17 = 5*s - 28. Suppose 0 = -4*j - 12, 0 = 5*y + 16*j - 13*j - 246. What is the remainder when y is divided by s?
6
Let i be 3/(18/(-195))*-2. Suppose -2*c - i - 49 = -4*k, -c + 30 = k. Calculate the remainder when 112 is divided by k.
25
Suppose 13*a = -0*a + 78. Suppose -a*c = -20*c + 56. What is the remainder when 14 is divided by c?
2
Suppose 353 = -12*k + 13*k + 335. What is the remainder when 2012 is divided by k?
14
Let s(o) = 9*o - 23. Let u be s(3). Suppose -2*q = -23 - 67. Calculate the remainder when 539/3 + u*(-2)/12 is divided by q.
44
Let r = 1888 + -1344. What is the remainder when 237 is divided by (2 - (-13)/(-4))/((-34)/r)?
17
Let w(s) be the first derivative of -s**3/3 + 3*s**2 + 29*s + 17. Let o be w(11). Let k = o + 32. Calculate the remainder when 70 is divided by k.
4
Let k(u) = u**2 + u - 6. Calculate the remainder when 3167 is divided by k(-9).
65
Let d(q) = q**3 + 20*q**2 + 17*q - 34. Let m be d(-19). Suppose 5*l - 96 - m = 0. Let t = l - 10. Calculate the remainder when 13 is divided by t.
3
Let x = 139 - 37. Suppose -52 = -2*h - s - s, 4*h - x = -3*s. What is the remainder when 89 is divided by h?
17
Suppose 1515 = 18*w - 3*w. Suppose 5*z - 74 = 3*z. Let y = w - z. What is the remainder when y is divided by 33?
31
Suppose 0 = 5*g - c - 140, 2*c - 15 = g - 43. Let y be -1 + (-2 - -1) + 118. Let f = y + 21. Calculate the remainder when f is divided by g.
25
Let r(d) = d**3 - 3*d**2 - 17*d + 3. Let b be r(7). Suppose 2*h - 4*l = 46 + 34, -2*h + b = 4*l. Calculate the remainder when h is divided by 13.
1
Suppose 2*a + 2*z - 20 = -2*a, 4*z = 2*a - 20. Suppose a*y - 8*y = -72. Calculate the remainder when (-9)/(-36) - (-279)/4 is divided by y.
34
Let p = -649 - -1108. What is the remainder when p is divided by 14?
11
Suppose -5*m + n + 489 = 0, -3*m - n = 4*n - 299. Let r(c) = -c + 28. What is the remainder when m is divided by r(11)?
13
Suppose 5*x = -3*z + 1550, 5*z + 20 = 9*z. Calculate the remainder when 1232 is divided by x.
4
Let o = -14489 - -14938. Suppose m - 19 - 22 = 0. What is the remainder when o is divided by m?
39
Let p(k) = -401*k + 76. What is the remainder when 453 is divided by p(0)?
73
What is the remainder when 2336 is divided by 22/(374/425) - -98?
122
Let d = -14 - -19. Let p be (12/21)/(5/35). Suppose -v + 16 = i - 3*i, d*i - 51 = -p*v. What is the remainder when 16 is divided by v?
2
Suppose -59 = -9*d + 4*p + 95, -d + 28 = 5*p. Let w be (-22 - (-2)/(-2))/(-1). Let l = w - 16. What is the remainder when d is divided by l?
4
Suppose -2*y = 3*h - 71, -3*h + 17 = 20. Let j = -132 + 257. Let k = j - y. What is the remainder when k is divided by 15?
13
Let g(l) = l**2 + 70*l + 3674. Calculate the remainder when g(-101) is divided by 15.
10
Let q(l) = 7*l + 719. What is the remainder when q(25) is divided by 126?
12
Suppose 32*r + 5*z = 30*r - 34, z = r - 11. Calculate the remainder when 108 is divided by r.
0
Suppose -11*a + 4*p = -16*a + 27, -3 = -4*a + 3*p. Suppose 4*l + 266 = a*m, 81 = 3*m - 2*l - 187. What is the remainder when m is divided by 47?
43
Let k(s) = -15*s**2 + 616*s - 1. Let x be 2/6 - 11/(-3). Suppose -301 - 335 = -x*i. Calculate the remainder when i is divided by k(41).
39
Let x(h) be the third derivative of h**6/120 - h**5/10 - 7*h**4/24 +